 + -48 + 7?
-26
(-2 - (4 + -5 - 1)) + 37 + -41
-4
-7 - (1 - 2) - (2 + (-2 - 0))
-6
-5 + 8 + (-1 - -4) - 1 - -2
7
What is the value of -2 - (4 + (0 - (2 - 2)))?
-6
What is the value of -15 - -1 - -18 - 6?
-2
Evaluate -48 - (2 - (10 + 7)).
-33
Evaluate -8 + 1 + 5 - -17.
15
What is 1 + (0 - 1) + (18 - 30)?
-12
What is -1 + -1 + -3 + -539 + 537?
-7
-7 + (-3 + 12 + -3 - (16 + 0))
-17
What is the value of (1 - (12 + -2)) + 9 + 5 + -21?
-16
Calculate 23 + -15 + -5 - 20.
-17
Evaluate 2 + (11 - (1 - 0)).
12
Evaluate -36 - -32 - 14 - -17.
-1
What is (-9 - 1) + 1 + -4947 + 4938?
-18
What is 26 + (-15 - -28 - 20)?
19
Evaluate (65 - 79) + 29 - (10 - -1).
4
Calculate -1 - -4 - ((25 - 21) + -6).
5
What is the value of 6 - (47 + -27 - 21)?
7
Calculate -20 + (20 - -14) - (0 + 8).
6
Evaluate (-2 - (1 + -7)) + (-1 - -17 - 7).
13
Calculate -5 + 38 + -21 - (-7 - 0 - 2).
21
Evaluate 48 - (5 + -31 + 54).
20
What is -32 - (-9 + 2 - (-85 - -86))?
-24
Calculate -3 - (3 - (-4 + 5 - 7)).
-12
Calculate (36 - 29) + 1 + (1 - 1) + 2.
10
(2 - 3) + -6 + -4
-11
37 - 35 - ((3 + -1 - 12) + 3)
9
What is 2 - 0 - -9 - (-204 - -216)?
-1
What is the value of -4 - 13 - -32 - -14?
29
8 + (0 + -2 + -1 + -5 - -4)
4
What is the value of 11 - (-4 + 24 - (-6 + 16))?
1
Evaluate (0 - 6) + 21 + (-20 - -10) + 7.
12
7 + -28 - (-36 - -5)
10
What is the value of 1 + 10 - (5 - (-14 - -8) - -4)?
-4
(-6 - -8) + -7 + -2 - 14
-21
Evaluate -4 - 9 - (2 - (-20 + 18)).
-17
(958 - 990) + (32 - -1)
1
-6 + 33 + 3 + 3 + -11
22
What is 13 - -2 - (121 + -109)?
3
Calculate (1 - -9 - (36 - 13)) + 17.
4
Evaluate (-5 + 15 + -16 - -11) + -15.
-10
14 + 20 + (-18 - 10)
6
Calculate -8 + 2 + 18 + -13 + (-28 - -1).
-28
What is 21 - (-6 + 36 + -13)?
4
What is (-8 - -1) + 27 + -35 + -6?
-21
What is the value of 3 - (1 - 6) - (40 - 24) - 18?
-26
What is the value of -22 - (-9 + 1 + -2 + (-137 - -141))?
-16
What is the value of 11 + (-23 - -5 - -9) + 9?
11
Calculate -6 + (11 + -4 + 11 - 6) + -1.
5
What is 0 + (-2 - ((8 - 15) + -1))?
6
What is -240 + 233 - (0 - 30) - (-1 + 11)?
13
Calculate -1 + 4 - (1 - -9) - (44 + -44).
-7
What is the value of (-245 - -239) + (-3 - -2 - 1) + -1?
-9
What is 22 + -2 + -11 + (1 - 32)?
-22
(-1 - (-4 - (-2 + -4))) + 33 - 7
23
What is the value of (4 + (4 - 10) - -10) + -10?
-2
Evaluate 2 + 32 - (-10 + -2 + (18 - 7)).
35
What is (-19 - (-1 + -7 + 1 + 8)) + 6?
-14
Evaluate (-3 - -6) + -2 + -10 - (-22 + 0).
13
Evaluate -13 + (-12 - -1) + 181 + -179.
-22
What is the value of 31 + -6 + -19 - -2?
8
Calculate -26 - (-3 - 25) - -7.
9
Calculate 2 + (-4 - (2 - -2 - (4 - 3))).
-5
33 + -42 + (-4 - (-21 - 1)) + -34
-25
Evaluate 6 + -9 + (-1 - -33) + -19 + 16.
26
What is -20 - -8 - -22 - (9 - -2)?
-1
What is 53 + -67 + 32 + -4?
14
What is 15 - (15 - 29) - 11?
18
Evaluate 3 - -1 - (-17 - (-20 - 8) - 26).
19
Calculate -2 + 1 + -32 + -19 + 33.
-19
What is 6 + (-21 - ((4 - -2) + 2 + -4))?
-19
Evaluate 2 - 38 - (-750 + 724).
-10
What is the value of 3 + (2 - ((17 - 11) + -16))?
15
Calculate -2 + 6 - (8 + 2 + 13 + -21).
2
What is the value of (18 - -10 - 61) + 41?
8
Calculate (43 + 27 - 40) + -1 + -10.
19
18 + (-12 - -11 - -19 - 15)
21
(842 - 858) + 1 + -3 + 48
30
Calculate 6 + -16 + 14 + -6.
-2
Calculate -3 + 8 + -9 + -10 + 2 + -7.
-19
Evaluate (1 - 0) + 2 + 19 + -24 + -1.
-3
Calculate 6 + -7 - (-12 + 6).
5
Evaluate 4 + 2 + 30 + -22.
14
Calculate 4 + 10 + -16 - (19 - -16).
-37
What is the value of -16 - (4 + 4 + -22 + -11 + 22)?
-13
Calculate (-32 - -4) + -17 + 44.
-1
What is 14 + -11 + -16 - -5 - (-21 + 0)?
13
Calculate (-2 - (-4 + (-16 - -9))) + 1 + -6.
4
What is -12 - (15 - 9) - -30?
12
Calculate 1 - (8 - (15 - 0)) - 20.
-12
What is the value of 15 + -6 - ((12 - 16) + (-3 - 2))?
18
What is the value of (-5 - -6) + 33 + -30?
4
Calculate 0 + 6 - (-1 + -9 - -37 - 4).
-17
What is (3 - (0 - 3)) + -4 + 7 - -3?
12
Evaluate -7 + -4 + (9 - (12 - -6) - 2).
-22
Evaluate (2 - (5 - 6)) + 2 + 2.
7
Evaluate -15 - (-8 - (2 + 3)).
-2
Evaluate (54 - 25) + -2 + -5.
22
What is -9 - (-3 + 14 + -1 - (26 - 13))?
-6
-9 + 2 + 13 - 16
-10
What is (15 + -19 - -7) + (1 - (-3 + -2))?
9
89 + (-10 - 46) - (-1 + -4)
38
What is the value of 8 - (-9 + -8 + 17 + 3)?
5
What is the value of (-1 - 1 - -11 - 46) + 12 + -12?
-37
Evaluate (28 + -18 - -26) + -23.
13
What is -6 + (1 - 0) + 0 - (2 - 6)?
-1
Evaluate -9 + (39 - 21 - 10) + (-7 - 2).
-10
Calculate 2 + (-7 - 2) + (15 - -3).
11
-15 + (-22 - -15) + 16 - (0 + 10)
-16
What is (-43 - -55) + -21 + -2?
-11
What is -22 + 13 - (8 + -5) - 1?
-13
What is -2 - (-9 + -9 + (-4 - -21)) - -19?
18
What is -7 + (62 - 48 - (-3 + 2))?
8
Evaluate 242 + -236 + (0 + -1 - -4) + -1.
8
What is -6 + (8 - 4 - -2) + (0 - -18)?
18
What is the value of (48 - 2) + (-419 - -378)?
5
What is (3 - (16 + -3)) + 7 - (0 + 1)?
-4
Evaluate 64 + -54 - (0 - (-2 - 0)).
8
What is -11 - ((0 - 30) + 5 + 11)?
3
14 - (1 - (11 - (9 - -1)))
14
What is 3 + -18 - ((-1 + 4 - 4) + -8)?
-6
Evaluate (0 - 25) + (8 - (-5 - (3 + -8))).
-17
What is -9 + (-7 - -10) + 3?
-3
Evaluate (-14 - -9) + -11 + 11.
-5
What is 26 + (-90 - (-50 - -22))?
-36
Evaluate -241 + 277 + (1 - 24).
13
Calculate -3 - (4 + 4 - 5) - -6 - -2.
2
Calculate 26 + -7 + (7 - 10).
16
Evaluate 70 - 15 - 27 - 22.
6
Calculate -5 + (-6 - -27) + 1 + -8.
9
-2 - (-33 - (-36 + 5))
0
Calculate (-10 - (0 - 1)) + -4.
-13
What is the value of -2 + (8 - (-6 + 3)) + -7 - -7?
9
What is the value of 1 - (-14 - -15 - 25)?
25
-2 + 6 + (-3 + 9 - 6) - 15
-11
Evaluate 30 + (-12 - 21) + 31.
28
8 - (1 - 1 - -17) - -18
9
-5 + -5 + 15 + 0 + -1
4
What is the value of -10 - ((8 - -9 - -3) + -4)?
-26
Evaluate 3 + (-1 - -1 - (-48 + 49)).
2
31 + -3 - (22 + -5)
11
What is the value of 32 + -5 + -23 + -30?
-26
What is -83 + 116 + 3 + (-18 - -1)?
19
What is the value of -171 + 164 + (-28 - -1 - (13 + -10))?
-37
19 - -1 - (38 + (15 - 45))
12
Evaluate -24 + (-26 - (-34 + 15)).
-31
Evaluate 0 - (5 + -12) - -4.
11
What is 3 - (-3 - -7) - (3 - 18)?
14
What is the value of 23 - ((25 - (0 + 9)) + -9 - 4)?
20
Evaluate 8 + 11 - 24 - (-40 + -1).
36
What is 2 + 13 + -10 + (1 + -2 - 2)?
2
Evaluate -11 - (3 - (2 + 4 + -2) - -7).
-17
What is -23 - (-33 - (31 + -38))?
3
(-5 - -7) + (0 + -2 - (-1 + -3))
4
What is (5 - (-11 + 31)) + (3 - -35)?
23
Calculate 2 - (0 + -3 + 8 - (0 - -2)).
-1
What is the value of 13 + 2 + 0 + (-151 - -140)?
4
What is -2 - 11 - (-3 - 11)?
1
What is -38 + 36 - (-24 + 24 + (14 - -1))?
-17
What is the value of (9 + -11 - -1 - 4) + 22?
17
-4 - (4 - (-11 + 6) - (-4 + 7))
-10
Evaluate -5 - (-1 - -7 - (7 + -17 + 6)).
-15
Evaluate 8 + -13 + -1 - -10 - -13.
17
Calculate -17 + 15 + -10 + 16 - (-7 + -1).
12
What is -5 - (-4 + 1 + 8 + -10)?
0
What is -80 + 44 + 43 + 2?
9
Calculate -1 + 5 + (47 - 39).
12
Calculate 3 + (1 - (6 + -22)) - 9.
11
What is the value of -288 + 277 - (-22 - 2)?
13
What is -20 + -2 + 23 + -11 + 1?
-9
Evaluate -12 - -18 - ((6 - 11) + 12) - 5.
-6
What is 2 + 2 + (-4 - -1) + 48 + -42?
7
8 + -3 + 10 + -30
-15
Calculate (-6 - 1) + 13 + -3 - 3.
0
What is the value of 33 - (20 + -8 + 1 + -4)?
24
Calculate -12 - -5 - (-2 - (25 - 4 - 2)).
14
Calculate 26 + -41 + -3 - -20.
2
Calculate 3 + 42 + 124 + -153.
16
What is the value of -20 - (3 + (-10 + 6 - (5 + -2)))?
-16
What is the value of 1 + -9 + 120 + -113 + -6 + 2?
-5
Evaluate (-4 - 28 - -39) + 1 + -14.
-6
What is the value of (31 - (-16 - (19 + -52))) + 3?
17
What is -34 - (16 + -68 - 2)?
20
-4 + 8 + -4 - -19
19
What is the value of (4 + -13 - 4) + -23 + 15 + 8?
-13
What is the value of 11 + (-9 - (16 - 10))?
-4
What is the value of -16 + (3 + -16 - -24) - (0 - 0)?
-5
Evaluate (-1 - 0) + -4 + (5 - -3) + 4.
7
What is -78 - -90 - (22 - 0)?
-10
Evaluate (-347 - -349) + 1 + -15.
-12
What is (8 - 3 - -13) + -9 + 1 - -4?
14
Evaluate 15 - (14 + 6 + -7).
2
What is the value of -3 + 1 - (3 + 17 + -19)?
-3
What is the value of 0 + (17 - 6) + 3 + (6 - 1)?
19
What is -4 - (35 - 12 - 50)?
23
-27 + -25 + 20 + 14
-18
What is the value of -31 + (3 - -21) + 0?
-7
2 - (3 - ((1 - 1) + -1))
-2
What is the value of -10 - -2 - -8 - -8?
8
Evaluate 16 + 14 - 23 - 7.
0
1 - (-4 + 7) - (64 + -46)
-20
(0 - 11 - -10) + (6 - -5)
10
Calculate -1 - (-4 + -9 + 18 + -10).
4
What is -3 + (-5 - (11 - (5 - -18))) - 25?
-21
What is the value of -7 + 5 + (0 - 2) - 4?
-8
-10 - (-10 + (10 - 2